9
What are the prime factors of 22008805?
5, 7, 13, 48371
What are the prime factors of 122230?
2, 5, 17, 719
What are the prime factors of 16413?
3, 5471
List the prime factors of 529477.
13, 241
List the prime factors of 928046.
2, 7, 151, 439
List the prime factors of 68488.
2, 7, 1223
List the prime factors of 16516122.
2, 3, 7, 393241
List the prime factors of 3546071.
23, 53, 2909
What are the prime factors of 11395593?
3, 11, 17, 37, 61
What are the prime factors of 1872355?
5, 19, 19709
What are the prime factors of 19350137?
19350137
List the prime factors of 11897744.
2, 743609
List the prime factors of 7160615.
5, 7, 11, 2657
What are the prime factors of 297696?
2, 3, 7, 443
List the prime factors of 35248682.
2, 7, 677, 3719
List the prime factors of 1284255.
3, 5, 7, 151
What are the prime factors of 5611958?
2, 11, 53, 4813
List the prime factors of 1367865.
3, 5, 113, 269
What are the prime factors of 417701?
199, 2099
What are the prime factors of 150318?
2, 3, 7, 1193
List the prime factors of 7967751.
3, 11, 83, 2909
List the prime factors of 3025667.
3025667
List the prime factors of 3889376.
2, 19, 6397
What are the prime factors of 144084?
2, 3, 12007
What are the prime factors of 322522?
2, 131, 1231
What are the prime factors of 308647?
29, 367
List the prime factors of 1055850.
2, 3, 5, 7039
What are the prime factors of 266212?
2, 66553
What are the prime factors of 50175?
3, 5, 223
What are the prime factors of 93244?
2, 23311
List the prime factors of 2252046.
2, 3, 375341
List the prime factors of 12200916.
2, 3, 7, 13, 11173
What are the prime factors of 948703?
7, 313, 433
List the prime factors of 11959399.
37, 263, 1229
What are the prime factors of 624246?
2, 3, 7, 89, 167
What are the prime factors of 21211342?
2, 17, 53, 79, 149
List the prime factors of 29829.
3, 61, 163
List the prime factors of 48702.
2, 3, 8117
What are the prime factors of 29849?
19, 1571
List the prime factors of 110417.
109, 1013
What are the prime factors of 533472?
2, 3, 5557
What are the prime factors of 23438774?
2, 11719387
List the prime factors of 10795903.
79, 136657
List the prime factors of 1023474.
2, 3, 170579
List the prime factors of 28069578.
2, 3, 163, 1063
List the prime factors of 190740.
2, 3, 5, 11, 17
What are the prime factors of 5371884?
2, 3, 7, 21317
List the prime factors of 2179488.
2, 3, 73, 311
What are the prime factors of 376381?
89, 4229
List the prime factors of 2664857.
13, 359, 571
What are the prime factors of 27772309?
2411, 11519
What are the prime factors of 5467079?
19, 167, 1723
What are the prime factors of 15654465?
3, 5, 38653
List the prime factors of 2230474.
2, 1115237
List the prime factors of 115789.
89, 1301
What are the prime factors of 1454801?
1454801
What are the prime factors of 101699?
13, 7823
What are the prime factors of 4603436?
2, 67, 89, 193
What are the prime factors of 459021?
3, 19, 8053
What are the prime factors of 40193602?
2, 20096801
What are the prime factors of 231769?
53, 4373
List the prime factors of 1191023.
587, 2029
What are the prime factors of 17832608?
2, 557269
What are the prime factors of 24546365?
5, 191, 25703
List the prime factors of 91046.
2, 45523
What are the prime factors of 372627?
3, 37, 373
List the prime factors of 120138.
2, 3, 20023
List the prime factors of 184460.
2, 5, 23, 401
List the prime factors of 3588776.
2, 448597
What are the prime factors of 399556?
2, 23, 43, 101
What are the prime factors of 4862728?
2, 13, 46757
What are the prime factors of 2564950?
2, 5, 43, 1193
What are the prime factors of 757770?
2, 3, 5, 13, 29, 67
List the prime factors of 18837278.
2, 173, 54443
What are the prime factors of 1454501?
101, 14401
What are the prime factors of 4936985?
5, 71, 13907
List the prime factors of 269221.
269221
List the prime factors of 528398.
2, 13, 20323
List the prime factors of 250346.
2, 41, 43, 71
What are the prime factors of 785427?
3, 23, 11383
List the prime factors of 119178.
2, 3, 2207
What are the prime factors of 10356497?
47, 220351
List the prime factors of 718645.
5, 143729
What are the prime factors of 26285?
5, 7, 751
List the prime factors of 1417676.
2, 13, 137, 199
List the prime factors of 362813.
11, 32983
What are the prime factors of 688263?
3, 61, 3761
What are the prime factors of 19006095?
3, 5, 47, 26959
List the prime factors of 276752.
2, 7, 353
What are the prime factors of 793428?
2, 3, 37, 1787
List the prime factors of 18364250.
2, 5, 17, 29, 149
List the prime factors of 962564.
2, 240641
List the prime factors of 99029.
7, 43, 47
List the prime factors of 28808.
2, 13, 277
What are the prime factors of 18868665?
3, 5, 1257911
List the prime factors of 377542.
2, 11, 131
What are the prime factors of 123405?
3, 5, 19, 433
List the prime factors of 1593656.
2, 199207
List the prime factors of 3146488.
2, 393311
List the prime factors of 355327.
7, 23, 2207
What are the prime factors of 19099705?
5, 379, 10079
What are the prime factors of 1092704?
2, 34147
What are the prime factors of 2606665?
5, 29, 17977
List the prime factors of 2084965.
5, 17, 19, 1291
List the prime factors of 1110215.
5, 222043
What are the prime factors of 17556522?
2, 3, 1231, 2377
List the prime factors of 2968003.
47, 63149
What are the prime factors of 1913243?
19, 101, 997
List the prime factors of 3801459.
3, 61, 20773
List the prime factors of 3145470.
2, 3, 5, 104849
List the prime factors of 1289902.
2, 644951
List the prime factors of 3069386.
2, 307, 4999
List the prime factors of 191082.
2, 3, 31847
What are the prime factors of 161605?
5, 32321
What are the prime factors of 470127?
3, 7, 61, 367
List the prime factors of 11497525.
5, 13, 17, 2081
What are the prime factors of 2435654?
2, 13, 23, 4073
What are the prime factors of 15035516?
2, 3758879
What are the prime factors of 32032?
2, 7, 11, 13
List the prime factors of 146405.
5, 7, 47, 89
What are the prime factors of 958661?
11, 87151
What are the prime factors of 20548289?
857, 23977
List the prime factors of 531343.
531343
What are the prime factors of 26843284?
2, 13, 39709
What are the prime factors of 471764?
2, 59, 1999
List the prime factors of 1907070.
2, 3, 5, 11, 5779
What are the prime factors of 1263047?
1263047
What are the prime factors of 1375222?
2, 31, 41, 541
List the prime factors of 3119094.
2, 3, 11, 59, 89
What are the prime factors of 497852?
2, 71, 1753
What are the prime factors of 786533?
11, 71503
List the prime factors of 137854.
2, 68927
List the prime factors of 141633.
3, 15737
List the prime factors of 4061586.
2, 3, 676931
List the prime factors of 3332541.
3, 487, 2281
What are the prime factors of 6144420?
2, 3, 5, 102407
List the prime factors of 5365061.
13, 311, 1327
What are the prime factors of 12226496?
2, 191039
List the prime factors of 290071.
17, 113, 151
List the prime factors of 1046692.
2, 261673
What are the prime factors of 364514?
2, 17, 71, 151
What are the prime factors of 8117?
8117
List the prime factors of 5832260.
2, 5, 7, 41659
List the prime factors of 1352214.
2, 3, 17, 491
What are the prime factors of 5577889?
29, 192341
List the prime factors of 195978.
2, 3, 89, 367
What are the prime factors of 6245453?
6245453
What are the prime factors of 21505644?
2, 3, 19, 23, 1367
What are the prime factors of 222031?
239, 929
List the prime factors of 6674054.
2, 19, 175633
List the prime factors of 308298.
2, 3, 51383
What are the prime factors of 225474?
2, 3, 37579
What are the prime factors of 2643937?
197, 13421
List the prime factors of 44224793.
44224793
What are the prime factors of 3750187?
7, 535741
List the prime factors of 19748752.
2, 19, 167, 389
List the prime factors of 51165.
3, 5, 379
List the prime factors of 8280307.
7, 1182901
List the prime factors of 4455216.
2, 3, 10313
What are the prime factors of 236998?
2, 71, 1669
What are the prime factors of 2381435?
5, 7, 68041
What are the prime factors of 18181170?
2, 3, 5, 7, 28859
List the prime factors of 204970.
2, 5, 103, 199
List the prime factors of 82946.
2, 67, 619
What are the prime factors of 5873162?
2, 643, 4567
What are the prime factors of 9457025?
5, 23, 16447
What are the prime factors of 84423?
3, 10